{"id":28,"date":"2018-11-18T13:05:57","date_gmt":"2018-11-18T12:05:57","guid":{"rendered":"https:\/\/annette-und-marcel-heiraten.m4rc3l.com\/?page_id=28"},"modified":"2018-11-18T13:05:57","modified_gmt":"2018-11-18T12:05:57","slug":"sonstiges","status":"publish","type":"page","link":"https:\/\/annette-und-marcel-heiraten.m4rc3l.com\/?page_id=28","title":{"rendered":"Sonstiges"},"content":{"rendered":"<p>Bitte vergesst nicht, uns bis zum 04.01.2019 Bescheid zu geben, ob ihr an der Hochzeitsfeier teilnehmen k\u00f6nnt!<\/p>\n<p>Falls ihr unsere Hochzeitsfeier mit kreativen Ideen bereichern m\u00f6chtet, oder Fragen zur Organisation bzw. zum Ablauf habt, dann wendet euch bitte an unsere Trauzeugen Marita und Jessi. Die Kontaktdaten findet ihr auf der Einladung.<\/p>\n<p>Nach jeder Hochzeit werden massenweise Blumen weggeworfen, &#8211; das finden wir nicht gut. \ud83d\ude41 Wir w\u00fcrden uns daher freuen, wenn ihr uns keine Blumengeschenke machen w\u00fcrdet. Au\u00dferdem d\u00fcrft ihr euch nicht nur an der blumigen Tischdekoration erfreuen, sondern diese zum Ende der Feier gerne auch mit nach Hause nehmen.<\/p>\n<p>Schenken d\u00fcrft ihr uns (abgesehen von Blumen) nat\u00fcrlich trotzdem etwas. \ud83d\ude42 Wir freuen uns am meisten, \u00fcber einen finanziellen Beitrag zu unserer Hochzeitsreise auf die Azoren.<\/p>\n<p>\u00dcbrigens: f\u00fcr eure Kinder gibt es ein extra Spiel- und Schlafzimmer im oberen Stock mit Bettchen und Video-Babyphone!<\/p>\n<p>Fotografieren ist ausdr\u00fccklich gew\u00fcnscht und wir w\u00fcrden uns freuen, wenn ihr die Fotos anschlie\u00dfend mit uns teilen w\u00fcrdet, damit wir sie allen Anwesenden zur Verf\u00fcgung stellen k\u00f6nnen.<\/p>\n","protected":false},"excerpt":{"rendered":"<p>Bitte vergesst nicht, uns bis zum 04.01.2019 Bescheid zu geben, ob ihr an der Hochzeitsfeier teilnehmen k\u00f6nnt! Falls ihr unsere Hochzeitsfeier mit kreativen Ideen bereichern m\u00f6chtet, oder Fragen zur Organisation bzw. zum Ablauf habt, dann wendet euch bitte an unsere Trauzeugen Marita und Jessi. Die Kontaktdaten findet ihr auf der Einladung. Nach jeder Hochzeit werden [&hellip;]<\/p>\n","protected":false},"author":2,"featured_media":0,"parent":0,"menu_order":0,"comment_status":"closed","ping_status":"closed","template":"","meta":{"footnotes":""},"class_list":["post-28","page","type-page","status-publish","hentry"],"_links":{"self":[{"href":"https:\/\/annette-und-marcel-heiraten.m4rc3l.com\/index.php?rest_route=\/wp\/v2\/pages\/28","targetHints":{"allow":["GET"]}}],"collection":[{"href":"https:\/\/annette-und-marcel-heiraten.m4rc3l.com\/index.php?rest_route=\/wp\/v2\/pages"}],"about":[{"href":"https:\/\/annette-und-marcel-heiraten.m4rc3l.com\/index.php?rest_route=\/wp\/v2\/types\/page"}],"author":[{"embeddable":true,"href":"https:\/\/annette-und-marcel-heiraten.m4rc3l.com\/index.php?rest_route=\/wp\/v2\/users\/2"}],"replies":[{"embeddable":true,"href":"https:\/\/annette-und-marcel-heiraten.m4rc3l.com\/index.php?rest_route=%2Fwp%2Fv2%2Fcomments&post=28"}],"version-history":[{"count":1,"href":"https:\/\/annette-und-marcel-heiraten.m4rc3l.com\/index.php?rest_route=\/wp\/v2\/pages\/28\/revisions"}],"predecessor-version":[{"id":29,"href":"https:\/\/annette-und-marcel-heiraten.m4rc3l.com\/index.php?rest_route=\/wp\/v2\/pages\/28\/revisions\/29"}],"wp:attachment":[{"href":"https:\/\/annette-und-marcel-heiraten.m4rc3l.com\/index.php?rest_route=%2Fwp%2Fv2%2Fmedia&parent=28"}],"curies":[{"name":"wp","href":"https:\/\/api.w.org\/{rel}","templated":true}]}}